common factor of 140 and 112?
28
What is the highest common divisor of 29 and 29?
29
What is the highest common factor of 196 and 70?
14
What is the greatest common factor of 368 and 230?
46
What is the greatest common divisor of 56 and 144?
8
What is the greatest common divisor of 45375 and 33?
33
Calculate the greatest common factor of 75 and 115.
5
What is the highest common factor of 65 and 13?
13
Calculate the greatest common factor of 11 and 3773.
11
What is the greatest common factor of 59 and 7493?
59
What is the greatest common factor of 9 and 558?
9
What is the greatest common factor of 230 and 644?
46
Calculate the highest common divisor of 1380 and 552.
276
What is the highest common factor of 63 and 45?
9
Calculate the highest common factor of 86 and 7740.
86
What is the highest common factor of 32 and 272?
16
Calculate the greatest common divisor of 84840 and 140.
140
What is the highest common divisor of 9379 and 226?
113
Calculate the highest common divisor of 48 and 2202.
6
Calculate the highest common factor of 1710 and 135.
45
Calculate the highest common factor of 5635 and 735.
245
What is the greatest common factor of 126 and 18?
18
Calculate the highest common divisor of 546 and 1155.
21
Calculate the greatest common factor of 500 and 80.
20
What is the greatest common divisor of 19 and 281?
1
What is the greatest common factor of 441 and 98?
49
What is the greatest common divisor of 5362 and 98?
14
Calculate the greatest common divisor of 285 and 57.
57
Calculate the highest common divisor of 36 and 396.
36
What is the greatest common divisor of 52 and 416?
52
Calculate the greatest common factor of 19 and 5643.
19
Calculate the highest common divisor of 91 and 377.
13
Calculate the highest common factor of 66 and 78.
6
What is the highest common divisor of 315 and 4284?
63
Calculate the highest common divisor of 392 and 49.
49
Calculate the greatest common divisor of 12 and 480.
12
Calculate the greatest common factor of 29 and 1.
1
What is the greatest common divisor of 10930 and 10?
10
What is the highest common divisor of 9048 and 104?
104
Calculate the greatest common divisor of 33 and 7579.
11
What is the highest common divisor of 1776 and 384?
48
What is the greatest common factor of 114 and 741?
57
Calculate the greatest common divisor of 43 and 86.
43
Calculate the greatest common divisor of 54233 and 281.
281
Calculate the highest common divisor of 272 and 646.
34
What is the highest common divisor of 867 and 51?
51
What is the highest common divisor of 310 and 5828?
62
What is the greatest common divisor of 420 and 7?
7
What is the highest common divisor of 484 and 33?
11
Calculate the highest common divisor of 1323 and 27.
27
Calculate the greatest common divisor of 46 and 46.
46
What is the highest common factor of 800 and 32?
32
What is the greatest common factor of 1766 and 2?
2
Calculate the greatest common divisor of 15 and 795.
15
What is the highest common divisor of 896 and 2048?
128
Calculate the highest common divisor of 34560 and 270.
270
What is the highest common divisor of 25 and 11075?
25
What is the highest common divisor of 516 and 12?
12
What is the greatest common factor of 16 and 1712?
16
Calculate the highest common divisor of 510 and 10030.
170
Calculate the highest common divisor of 1903 and 11.
11
What is the highest common factor of 7 and 10?
1
What is the highest common factor of 13 and 351?
13
Calculate the greatest common divisor of 2 and 550.
2
What is the greatest common divisor of 23 and 7?
1
What is the highest common factor of 550 and 22?
22
Calculate the greatest common factor of 136 and 128.
8
What is the highest common factor of 126 and 72?
18
Calculate the greatest common factor of 12 and 384.
12
Calculate the highest common factor of 30 and 3390.
30
Calculate the highest common divisor of 117 and 72.
9
What is the highest common divisor of 418 and 1408?
22
Calculate the greatest common factor of 1296 and 81.
81
Calculate the greatest common factor of 18516 and 12.
12
Calculate the greatest common divisor of 38 and 32642.
38
What is the highest common factor of 24 and 1056?
24
What is the highest common divisor of 558 and 10881?
279
Calculate the highest common factor of 10 and 1210.
10
What is the highest common factor of 30849 and 113?
113
What is the highest common factor of 11 and 11?
11
Calculate the greatest common divisor of 1564 and 92.
92
Calculate the greatest common divisor of 228 and 240.
12
What is the greatest common divisor of 1431 and 371?
53
What is the greatest common divisor of 130 and 1222?
26
Calculate the greatest common divisor of 36 and 40176.
36
What is the highest common factor of 8 and 312?
8
What is the highest common divisor of 595 and 17?
17
Calculate the highest common divisor of 104 and 2938.
26
What is the highest common factor of 2452 and 4?
4
Calculate the greatest common factor of 195 and 1005.
15
What is the greatest common divisor of 4614 and 30?
6
What is the highest common factor of 856 and 8?
8
What is the highest common factor of 8 and 104?
8
Calculate the highest common divisor of 95 and 1465.
5
Calculate the highest common factor of 3 and 24.
3
What is the highest common factor of 3650 and 292?
146
What is the highest common factor of 72 and 2664?
72
What is the highest common factor of 8991 and 1701?
243
What is the highest common divisor of 90 and 54?
18
Calculate the highest common divisor of 27 and 3051.
27
What is the highest common divisor of 330 and 2640?
330
Calculate the greatest common factor of 8 and 146.
2
Calculate the greatest common factor of 12 and 116.
4
What is the greatest common factor of 2436 and 84?
84
Calculate the greatest common factor of 10236 and 24.
12
What is the highest common factor of 4 and 596?
4
Calculate the greatest common divisor of 328 and 24.
8
Calculate the highest common divisor of 41 and 205.
41
Calculate the greatest common factor of 10265 and 5.
5
What is the greatest common factor of 39 and 15?
3
Calculate the greatest common divisor of 5 and 7.
1
Calculate the highest common divisor of 325 and 50.
25
What is the greatest common factor of 200 and 250?
50
Calculate the highest common divisor of 1305 and 348.
87
What is the greatest common divisor of 2 and 22?
2
What is the greatest common divisor of 7518 and 14?
14
Calculate the greatest common divisor of 876 and 60.
12
Calculate the greatest common divisor of 17 and 136.
17
Calculate the highest common divisor of 2592 and 81.
81
What is the highest common factor of 17259 and 33?
33
Calculate the greatest common divisor of 8 and 36.
4
What is the greatest common factor of 9 and 279?
9
What is the highest common divisor of 114 and 1064?
38
Calculate the highest common factor of 48 and 254.
2
What is the greatest common divisor of 452 and 12?
4
What is the greatest common divisor of 15928 and 88?
88
Calculate the highest common divisor of 50 and 11450.
50
What is the greatest common divisor of 7 and 5761?
7
Calculate the highest common factor of 8 and 328.
8
What is the greatest common divisor of 330 and 891?
33
What is the greatest common divisor of 85 and 1865?
5
What is the highest common factor of 25 and 45?
5
What is the highest common factor of 24 and 9736?
8
What is the greatest common factor of 34 and 4811?
17
Calculate the highest common factor of 39 and 822.
3
What is the greatest common divisor of 3231 and 9?
9
Calculate the greatest common factor of 22 and 418.
22
Calculate the greatest common factor of 20025 and 225.
225
Calculate the highest common divisor of 7 and 1701.
7
What is the greatest common factor of 368 and 16?
16
Calculate the greatest common divisor of 6252 and 12.
12
Calculate the greatest common divisor of 70690 and 10.
10
What is the greatest common divisor of 382 and 6?
2
Calculate the highest common factor of 38 and 361.
19
What is the greatest common factor of 6848 and 64?
64
What is the highest common divisor of 943 and 82?
41
What is the greatest common divisor of 36 and 2412?
36
What is the greatest common factor of 330 and 210?
30
Calculate the greatest common divisor of 20 and 72.
4
What is the greatest common divisor of 615 and 246?
123
Calculate the greatest common divisor of 1 and 947.
1
Calcu